{"id":1956,"date":"2019-09-17T15:21:20","date_gmt":"2019-09-17T15:21:20","guid":{"rendered":"https:\/\/filmmakers.is\/?page_id=1956"},"modified":"2023-09-09T00:01:17","modified_gmt":"2023-09-09T00:01:17","slug":"fagfelag","status":"publish","type":"page","link":"https:\/\/filmmakers.is\/?page_id=1956","title":{"rendered":"Fagf\u00e9lag"},"content":{"rendered":"<p><div class=\"fusion-bg-parallax\" data-bg-align=\"center center\" data-direction=\"down\" data-mute=\"false\" data-opacity=\"100\" data-velocity=\"-0.3\" data-mobile-enabled=\"false\" data-break_parents=\"0\" data-bg-image=\"https:\/\/filmmakers.is\/wp-content\/uploads\/2018\/02\/work-bg.jpg\" data-bg-repeat=\"false\" data-bg-color=\"#ffffff\" ><\/div><div class=\"fusion-fullwidth fullwidth-box fusion-builder-row-1 fusion-parallax-down nonhundred-percent-fullwidth non-hundred-percent-height-scrolling\" style=\"--awb-border-radius-top-left:0px;--awb-border-radius-top-right:0px;--awb-border-radius-bottom-right:0px;--awb-border-radius-bottom-left:0px;--awb-padding-top:60px;--awb-padding-right:0px;--awb-padding-bottom:85px;--awb-padding-left:4px;--awb-margin-top:0px;--awb-margin-bottom:0px;--awb-background-color:#ffffff;--awb-background-image:url(&quot;https:\/\/filmmakers.is\/wp-content\/uploads\/2018\/02\/work-bg.jpg&quot;);--awb-background-size:cover;--awb-flex-wrap:wrap;\" ><div class=\"fusion-builder-row fusion-row\"><div class=\"fusion-layout-column fusion_builder_column fusion-builder-column-0 fusion_builder_column_1_1 1_1 fusion-one-full fusion-column-first fusion-column-last\" style=\"--awb-bg-size:cover;--awb-margin-top:0px;--awb-margin-bottom:40px;\"><div class=\"fusion-column-wrapper fusion-column-has-shadow fusion-flex-column-wrapper-legacy\"><div class=\"fusion-title title fusion-title-1 fusion-sep-none fusion-title-center fusion-title-text fusion-title-size-two\" style=\"--awb-text-color:#292929;--awb-margin-top:0px;\"><h2 class=\"fusion-title-heading title-heading-center fusion-responsive-typography-calculated\" style=\"margin:0;--fontSize:50;line-height:1.05;\"><span style=\"color: #333333;\">HVA\u00d0 F\u00c6R\u00d0 \u00de\u00da ME\u00d0 F\u00c9LAGSA\u00d0ILD?<\/span><\/h2><\/div><div class=\"fusion-sep-clear\"><\/div><div class=\"fusion-separator\" style=\"margin-left: auto;margin-right: auto;margin-top:16px;margin-bottom:36px;width:100%;max-width:130px;\"><div class=\"fusion-separator-border sep-single\" style=\"--awb-height:20px;--awb-amount:20px;--awb-sep-color:#d63d2d;border-color:#d63d2d;border-top-width:2px;\"><\/div><\/div><div class=\"fusion-sep-clear\"><\/div><div class=\"fusion-clearfix\"><\/div><\/div><\/div><div class=\"fusion-layout-column fusion_builder_column fusion-builder-column-1 fusion_builder_column_1_6 1_6 fusion-one-sixth fusion-column-first fusion-no-small-visibility fusion-no-medium-visibility\" style=\"--awb-bg-size:cover;width:16.666666666667%;width:calc(16.666666666667% - ( ( 0% + 4% + 0% ) * 0.16666666666667 ) );margin-right: 0%;\"><div class=\"fusion-column-wrapper fusion-column-has-shadow fusion-flex-column-wrapper-legacy\"><div class=\"fusion-clearfix\"><\/div><\/div><\/div><div class=\"fusion-layout-column fusion_builder_column fusion-builder-column-2 fusion_builder_column_1_3 1_3 fusion-one-third\" style=\"--awb-bg-size:cover;--awb-margin-top:0px;--awb-margin-bottom:0px;width:33.333333333333%;width:calc(33.333333333333% - ( ( 0% + 4% + 0% ) * 0.33333333333333 ) );margin-right: 4%;\"><div class=\"fusion-column-wrapper fusion-column-has-shadow fusion-flex-column-wrapper-legacy\"><ul style=\"--awb-iconcolor:#3c3c3c;--awb-line-height:23.8px;--awb-icon-width:23.8px;--awb-icon-height:23.8px;--awb-icon-margin:9.8px;--awb-content-margin:33.6px;\" class=\"fusion-checklist fusion-checklist-1 fusion-checklist-default type-icons\"><li class=\"fusion-li-item\" style=\"\"><span class=\"icon-wrapper circle-no\"><i class=\"fusion-li-icon fa-id-card fas\" aria-hidden=\"true\"><\/i><\/span><div class=\"fusion-li-item-content\">\n<p><b>Sparar \u00fe\u00e9r fj\u00e1rmuni: <\/b><span style=\"font-weight: 400;\">F\u00e9lagsmenn f\u00e1 a\u00f0ildarkort me\u00f0 afsl\u00e1ttartilbo\u00f0um \u00e1 v\u00f6rum og \u00fej\u00f3nustu.\u00a0<\/span><\/p>\n<\/div><\/li><li class=\"fusion-li-item\" style=\"\"><span class=\"icon-wrapper circle-no\"><i class=\"fusion-li-icon fa-life-ring fas\" aria-hidden=\"true\"><\/i><\/span><div class=\"fusion-li-item-content\">\n<p><b>Sty\u00f0jum verkefnin \u00fe\u00edn: <\/b><span style=\"font-weight: 400;\">F\u00e9lagsmenn me\u00f0 tilkall til h\u00f6fundar\u00e9ttar og hafa greitt f\u00e9lagsgj\u00f6ld samfleytt \u00ed 3 \u00e1r e\u00f0a lengur geta s\u00f3tt um styrk \u00ed Menningarsj\u00f3\u00f0 FK.<\/span><\/p>\n<\/div><\/li><li class=\"fusion-li-item\" style=\"\"><span class=\"icon-wrapper circle-no\"><i class=\"fusion-li-icon fa-briefcase fas\" aria-hidden=\"true\"><\/i><\/span><div class=\"fusion-li-item-content\">\n<p><b>Sami\u00f0 um kaup og kj\u00f6r<\/b><span style=\"font-weight: 400;\">: Allir f\u00e9lagsmenn nj\u00f3ta g\u00f3\u00f0s af samningager\u00f0 vi\u00f0 vinnuveitendur um b\u00e6tta st\u00f6\u00f0u f\u00e9lagsmanna.<\/span><\/p>\n<\/div><\/li><\/ul><div class=\"fusion-clearfix\"><\/div><\/div><\/div><div class=\"fusion-layout-column fusion_builder_column fusion-builder-column-3 fusion_builder_column_1_3 1_3 fusion-one-third\" style=\"--awb-bg-size:cover;--awb-margin-top:0px;--awb-margin-bottom:0px;width:33.333333333333%;width:calc(33.333333333333% - ( ( 0% + 4% + 0% ) * 0.33333333333333 ) );margin-right: 0%;\"><div class=\"fusion-column-wrapper fusion-column-has-shadow fusion-flex-column-wrapper-legacy\"><ul style=\"--awb-iconcolor:#3c3c3c;--awb-line-height:23.8px;--awb-icon-width:23.8px;--awb-icon-height:23.8px;--awb-icon-margin:9.8px;--awb-content-margin:33.6px;\" class=\"fusion-checklist fusion-checklist-2 fusion-checklist-default type-icons\"><li class=\"fusion-li-item\" style=\"\"><span class=\"icon-wrapper circle-no\"><i class=\"fusion-li-icon fa-road fas\" aria-hidden=\"true\"><\/i><\/span><div class=\"fusion-li-item-content\">\n<p><b>Vera \u00e1hrifavaldar:<\/b><span style=\"font-weight: 400;\"> Me\u00f0 \u00fe\u00e1ttt\u00f6ku \u00e1 f\u00e9lags- og a\u00f0alfundum ver\u00f0ur til samtal og uppl\u00fdsingastreymi til f\u00e9lagsmanna um stefnu stj\u00f3rnvalda og annara fagf\u00e9laga. \u00deannig sty\u00f0jum vi\u00f0 kvikmyndalist \u00e1 \u00cdslandi.<\/span><\/p>\n<\/div><\/li><li class=\"fusion-li-item\" style=\"\"><span class=\"icon-wrapper circle-no\"><i class=\"fusion-li-icon fa-handshake fas\" aria-hidden=\"true\"><\/i><\/span><div class=\"fusion-li-item-content\">\n<p><b>Tengslanet <\/b>V\u00ed\u00f0t\u00e6kt tengslanet \u00ed bransanum.<\/p>\n<\/div><\/li><\/ul><div class=\"fusion-clearfix\"><\/div><\/div><\/div><div class=\"fusion-layout-column fusion_builder_column fusion-builder-column-4 fusion_builder_column_1_6 1_6 fusion-one-sixth fusion-column-last fusion-no-small-visibility fusion-no-medium-visibility\" style=\"--awb-bg-size:cover;width:16.666666666667%;width:calc(16.666666666667% - ( ( 0% + 4% + 0% ) * 0.16666666666667 ) );\"><div class=\"fusion-column-wrapper fusion-column-has-shadow fusion-flex-column-wrapper-legacy\"><div class=\"fusion-clearfix\"><\/div><\/div><\/div><\/div><\/div><div class=\"fusion-fullwidth fullwidth-box fusion-builder-row-2 nonhundred-percent-fullwidth non-hundred-percent-height-scrolling\" style=\"--awb-border-radius-top-left:0px;--awb-border-radius-top-right:0px;--awb-border-radius-bottom-right:0px;--awb-border-radius-bottom-left:0px;--awb-padding-top:0px;--awb-padding-left:0px;--awb-margin-top:0px;--awb-background-color:#292929;--awb-flex-wrap:wrap;\" ><div class=\"fusion-builder-row fusion-row\"><div class=\"fusion-layout-column fusion_builder_column fusion-builder-column-5 fusion_builder_column_1_6 1_6 fusion-one-sixth fusion-column-first fusion-no-small-visibility fusion-no-medium-visibility\" style=\"--awb-bg-size:cover;width:16.666666666667%;width:calc(16.666666666667% - ( ( 4% + 4% ) * 0.16666666666667 ) );margin-right: 4%;\"><div class=\"fusion-column-wrapper fusion-column-has-shadow fusion-flex-column-wrapper-legacy\"><div class=\"fusion-clearfix\"><\/div><\/div><\/div><div class=\"fusion-layout-column fusion_builder_column fusion-builder-column-6 fusion_builder_column_2_3 2_3 fusion-two-third\" style=\"--awb-bg-size:cover;--awb-margin-top:60px;--awb-margin-bottom:45px;width:66.666666666667%;width:calc(66.666666666667% - ( ( 4% + 4% ) * 0.66666666666667 ) );margin-right: 4%;\"><div class=\"fusion-column-wrapper fusion-flex-column-wrapper-legacy\"><div class=\"fusion-sep-clear\"><\/div><div class=\"fusion-separator\" style=\"margin-left: auto;margin-right: auto;margin-top:16px;margin-bottom:36px;width:100%;max-width:130px;\"><div class=\"fusion-separator-border sep-single\" style=\"--awb-height:20px;--awb-amount:20px;--awb-sep-color:#ffffff;border-color:#ffffff;border-top-width:2px;\"><\/div><\/div><div class=\"fusion-sep-clear\"><\/div><div class=\"fusion-text fusion-text-1 auglysing\"><p style=\"text-align: center;\"><span style=\"font-weight: 400;\">Til a\u00f0 \u00f6\u00f0last f\u00e9lagsr\u00e9ttindi \u00fearftu a\u00f0 hafa loki\u00f0 a.m.k. eins \u00e1rs n\u00e1mi fr\u00e1 vi\u00f0urkenndum kvikmyndask\u00f3la e\u00f0a hafa sinnt sk<\/span><span style=\"font-weight: 400;\">apandi e\u00f0a s\u00e9rh\u00e6f\u00f0um st\u00f6rfum vi\u00f0 kvikmyndager\u00f0 \u00ed minnst 12 m\u00e1nu\u00f0i.<\/span><\/p>\n<\/div><div class=\"fusion-sep-clear\"><\/div><div class=\"fusion-separator\" style=\"margin-left: auto;margin-right: auto;margin-top:16px;margin-bottom:36px;width:100%;max-width:130px;\"><div class=\"fusion-separator-border sep-single\" style=\"--awb-height:20px;--awb-amount:20px;--awb-sep-color:#ffffff;border-color:#ffffff;border-top-width:2px;\"><\/div><\/div><div class=\"fusion-sep-clear\"><\/div><div class=\"fusion-clearfix\"><\/div><\/div><\/div><div class=\"fusion-layout-column fusion_builder_column fusion-builder-column-7 fusion_builder_column_1_6 1_6 fusion-one-sixth fusion-column-last fusion-no-small-visibility fusion-no-medium-visibility\" style=\"--awb-bg-size:cover;width:16.666666666667%;width:calc(16.666666666667% - ( ( 4% + 4% ) * 0.16666666666667 ) );\"><div class=\"fusion-column-wrapper fusion-column-has-shadow fusion-flex-column-wrapper-legacy\"><div class=\"fusion-clearfix\"><\/div><\/div><\/div><\/div><\/div><div class=\"fusion-fullwidth fullwidth-box fusion-builder-row-3 nonhundred-percent-fullwidth non-hundred-percent-height-scrolling\" style=\"--awb-border-radius-top-left:0px;--awb-border-radius-top-right:0px;--awb-border-radius-bottom-right:0px;--awb-border-radius-bottom-left:0px;--awb-padding-top:60px;--awb-padding-bottom:75px;--awb-margin-top:0px;--awb-background-color:#ffffff;--awb-flex-wrap:wrap;\" ><div class=\"fusion-builder-row fusion-row\"><div class=\"fusion-layout-column fusion_builder_column fusion-builder-column-8 fusion_builder_column_1_1 1_1 fusion-one-full fusion-column-first fusion-column-last\" style=\"--awb-bg-size:cover;\"><div class=\"fusion-column-wrapper fusion-column-has-shadow fusion-flex-column-wrapper-legacy\"><div class=\"fusion-title title fusion-title-2 fusion-sep-none fusion-title-center fusion-title-text fusion-title-size-two\" style=\"--awb-text-color:#292929;--awb-margin-top:0px;\"><h2 class=\"fusion-title-heading title-heading-center fusion-responsive-typography-calculated\" style=\"margin:0;--fontSize:50;line-height:1.05;\">AFSL\u00c6TTIR F\u00c9LAGSMANNA<\/h2><\/div><div class=\"fusion-sep-clear\"><\/div><div class=\"fusion-separator\" style=\"margin-left: auto;margin-right: auto;margin-top:16px;margin-bottom:36px;width:100%;max-width:130px;\"><div class=\"fusion-separator-border sep-single\" style=\"--awb-height:20px;--awb-amount:20px;--awb-sep-color:#d63d2d;border-color:#d63d2d;border-top-width:2px;\"><\/div><\/div><div class=\"fusion-sep-clear\"><\/div><div class=\"fusion-clearfix\"><\/div><\/div><\/div><div class=\"fusion-layout-column fusion_builder_column fusion-builder-column-9 fusion_builder_column_1_6 1_6 fusion-one-sixth fusion-column-first fusion-no-small-visibility fusion-no-medium-visibility\" style=\"--awb-bg-size:cover;width:16.666666666667%;width:calc(16.666666666667% - ( ( 4% + 4% ) * 0.16666666666667 ) );margin-right: 4%;\"><div class=\"fusion-column-wrapper fusion-column-has-shadow fusion-flex-column-wrapper-legacy\"><div class=\"fusion-clearfix\"><\/div><\/div><\/div><div class=\"fusion-layout-column fusion_builder_column fusion-builder-column-10 fusion_builder_column_2_3 2_3 fusion-two-third\" style=\"--awb-bg-size:cover;width:66.666666666667%;width:calc(66.666666666667% - ( ( 4% + 4% ) * 0.66666666666667 ) );margin-right: 4%;\"><div class=\"fusion-column-wrapper fusion-column-has-shadow fusion-flex-column-wrapper-legacy\"><div class=\"fusion-text fusion-text-2\"><p>Afsl\u00e6tti er a\u00f0 finna undir <a href=\"\/index.php\/felagsmenn\/afslaettir\/\">afsl\u00e6ttir<\/a>. Vi\u00f0 minnum \u00e1 a\u00f0 \u00feegar veri\u00f0 er a\u00f0 n\u00fdta afsl\u00e1ttinn a\u00f0 v\u00edsa \u00ed f\u00e9lagsa\u00f0ild. Listi yfir f\u00e9lagsmenn er a\u00f0gengilegur undir <a href=\"\/index.php\/felagsmenn\/felagatal\/\">F\u00e9lagsmenn &gt; F\u00e9lagatal<\/a>.<\/p>\n<\/div><div class=\"fusion-clearfix\"><\/div><\/div><\/div><div class=\"fusion-layout-column fusion_builder_column fusion-builder-column-11 fusion_builder_column_1_6 1_6 fusion-one-sixth fusion-column-last fusion-no-medium-visibility\" style=\"--awb-bg-size:cover;width:16.666666666667%;width:calc(16.666666666667% - ( ( 4% + 4% ) * 0.16666666666667 ) );\"><div class=\"fusion-column-wrapper fusion-column-has-shadow fusion-flex-column-wrapper-legacy\"><div class=\"fusion-clearfix\"><\/div><\/div><\/div><div class=\"fusion-layout-column fusion_builder_column fusion-builder-column-12 fusion_builder_column_2_5 2_5 fusion-two-fifth fusion-column-first fusion-no-small-visibility fusion-no-medium-visibility fusion-column-inner-bg-wrapper\" style=\"--awb-inner-bg-size:cover;width:40%;width:calc(40% - ( ( 4% + 4% ) * 0.4 ) );margin-right: 4%;\"><span class=\"fusion-column-inner-bg hover-type-none\"><a class=\"fusion-column-anchor\" href=\"\/index.php\/felagsmenn\/afslaettir\/\"><span class=\"fusion-column-inner-bg-image\"><\/span><\/a><\/span><div class=\"fusion-column-wrapper fusion-column-has-shadow fusion-flex-column-wrapper-legacy\"><div class=\"fusion-clearfix\"><\/div><\/div><\/div><div class=\"fusion-layout-column fusion_builder_column fusion-builder-column-13 fusion_builder_column_1_6 1_6 fusion-one-sixth fusion-column-inner-bg-wrapper\" style=\"--awb-inner-bg-size:cover;width:16.666666666667%;width:calc(16.666666666667% - ( ( 4% + 4% ) * 0.16666666666667 ) );margin-right: 4%;\"><span class=\"fusion-column-inner-bg hover-type-none\"><a class=\"fusion-column-anchor\" href=\"\/index.php\/felagsmenn\/afslaettir\/\"><span class=\"fusion-column-inner-bg-image\"><\/span><\/a><\/span><div class=\"fusion-column-wrapper fusion-column-has-shadow fusion-flex-column-wrapper-legacy\"><div class=\"fusion-column-content-centered\"><div class=\"fusion-column-content\"><div class=\"fusion-button-wrapper\"><a class=\"fusion-button button-flat button-large button-default fusion-button-default button-1 fusion-button-default-span fusion-button-default-type\" target=\"_self\" href=\"\/index.php\/felagsmenn\/afslaettir\/\"><span class=\"fusion-button-text awb-button__text awb-button__text--default\">AFSL\u00c6TTIR<\/span><\/a><\/div><\/div><\/div><div class=\"fusion-clearfix\"><\/div><\/div><\/div><div class=\"fusion-layout-column fusion_builder_column fusion-builder-column-14 fusion_builder_column_2_5 2_5 fusion-two-fifth fusion-column-last fusion-no-small-visibility fusion-no-medium-visibility fusion-column-inner-bg-wrapper\" style=\"--awb-inner-bg-size:cover;width:40%;width:calc(40% - ( ( 4% + 4% ) * 0.4 ) );\"><span class=\"fusion-column-inner-bg hover-type-none\"><a class=\"fusion-column-anchor\" href=\"\/index.php\/felagsmenn\/afslaettir\/\"><span class=\"fusion-column-inner-bg-image\"><\/span><\/a><\/span><div class=\"fusion-column-wrapper fusion-column-has-shadow fusion-flex-column-wrapper-legacy\"><div class=\"fusion-clearfix\"><\/div><\/div><\/div><\/div><\/div><\/p>\n","protected":false},"excerpt":{"rendered":"","protected":false},"author":1,"featured_media":0,"parent":16,"menu_order":0,"comment_status":"closed","ping_status":"closed","template":"100-width.php","meta":{"footnotes":""},"class_list":["post-1956","page","type-page","status-publish","hentry"],"yoast_head":"<!-- This site is optimized with the Yoast SEO plugin v27.5 - https:\/\/yoast.com\/product\/yoast-seo-wordpress\/ -->\n<title>Fagf\u00e9lag - FK<\/title>\n<meta name=\"robots\" content=\"index, follow, max-snippet:-1, max-image-preview:large, max-video-preview:-1\" \/>\n<link rel=\"canonical\" href=\"https:\/\/filmmakers.is\/?page_id=1956\" \/>\n<meta property=\"og:locale\" content=\"en_US\" \/>\n<meta property=\"og:type\" content=\"article\" \/>\n<meta property=\"og:title\" content=\"Fagf\u00e9lag - FK\" \/>\n<meta property=\"og:url\" content=\"https:\/\/filmmakers.is\/?page_id=1956\" \/>\n<meta property=\"og:site_name\" content=\"FK\" \/>\n<meta property=\"article:publisher\" content=\"https:\/\/www.facebook.com\/fagfelagidFK\/\" \/>\n<meta property=\"article:modified_time\" content=\"2023-09-09T00:01:17+00:00\" \/>\n<meta name=\"twitter:card\" content=\"summary_large_image\" \/>\n<meta name=\"twitter:label1\" content=\"Est. reading time\" \/>\n\t<meta name=\"twitter:data1\" content=\"17 minutes\" \/>\n<script type=\"application\/ld+json\" class=\"yoast-schema-graph\">{\"@context\":\"https:\\\/\\\/schema.org\",\"@graph\":[{\"@type\":\"WebPage\",\"@id\":\"https:\\\/\\\/filmmakers.is\\\/?page_id=1956\",\"url\":\"https:\\\/\\\/filmmakers.is\\\/?page_id=1956\",\"name\":\"Fagf\u00e9lag - FK\",\"isPartOf\":{\"@id\":\"https:\\\/\\\/filmmakers.is\\\/#website\"},\"datePublished\":\"2019-09-17T15:21:20+00:00\",\"dateModified\":\"2023-09-09T00:01:17+00:00\",\"breadcrumb\":{\"@id\":\"https:\\\/\\\/filmmakers.is\\\/?page_id=1956#breadcrumb\"},\"inLanguage\":\"en-US\",\"potentialAction\":[{\"@type\":\"ReadAction\",\"target\":[\"https:\\\/\\\/filmmakers.is\\\/?page_id=1956\"]}]},{\"@type\":\"BreadcrumbList\",\"@id\":\"https:\\\/\\\/filmmakers.is\\\/?page_id=1956#breadcrumb\",\"itemListElement\":[{\"@type\":\"ListItem\",\"position\":1,\"name\":\"Home\",\"item\":\"https:\\\/\\\/filmmakers.is\\\/\"},{\"@type\":\"ListItem\",\"position\":2,\"name\":\"F\u00e9lagsmenn\",\"item\":\"https:\\\/\\\/filmmakers.is\\\/?page_id=16\"},{\"@type\":\"ListItem\",\"position\":3,\"name\":\"Fagf\u00e9lag\"}]},{\"@type\":\"WebSite\",\"@id\":\"https:\\\/\\\/filmmakers.is\\\/#website\",\"url\":\"https:\\\/\\\/filmmakers.is\\\/\",\"name\":\"FK\",\"description\":\"F\u00e9lag kvikmyndager\u00f0amanna\",\"publisher\":{\"@id\":\"https:\\\/\\\/filmmakers.is\\\/#organization\"},\"potentialAction\":[{\"@type\":\"SearchAction\",\"target\":{\"@type\":\"EntryPoint\",\"urlTemplate\":\"https:\\\/\\\/filmmakers.is\\\/?s={search_term_string}\"},\"query-input\":{\"@type\":\"PropertyValueSpecification\",\"valueRequired\":true,\"valueName\":\"search_term_string\"}}],\"inLanguage\":\"en-US\"},{\"@type\":\"Organization\",\"@id\":\"https:\\\/\\\/filmmakers.is\\\/#organization\",\"name\":\"F\u00e9lag kvikmyndager\u00f0armanna\",\"alternateName\":\"The Icelandic filmmakers association\",\"url\":\"https:\\\/\\\/filmmakers.is\\\/\",\"logo\":{\"@type\":\"ImageObject\",\"inLanguage\":\"en-US\",\"@id\":\"https:\\\/\\\/filmmakers.is\\\/#\\\/schema\\\/logo\\\/image\\\/\",\"url\":\"https:\\\/\\\/filmmakers.is\\\/wp-content\\\/uploads\\\/2024\\\/12\\\/FK_logo_2.png\",\"contentUrl\":\"https:\\\/\\\/filmmakers.is\\\/wp-content\\\/uploads\\\/2024\\\/12\\\/FK_logo_2.png\",\"width\":594,\"height\":244,\"caption\":\"F\u00e9lag kvikmyndager\u00f0armanna\"},\"image\":{\"@id\":\"https:\\\/\\\/filmmakers.is\\\/#\\\/schema\\\/logo\\\/image\\\/\"},\"sameAs\":[\"https:\\\/\\\/www.facebook.com\\\/fagfelagidFK\\\/\"]}]}<\/script>\n<!-- \/ Yoast SEO plugin. -->","yoast_head_json":{"title":"Fagf\u00e9lag - FK","robots":{"index":"index","follow":"follow","max-snippet":"max-snippet:-1","max-image-preview":"max-image-preview:large","max-video-preview":"max-video-preview:-1"},"canonical":"https:\/\/filmmakers.is\/?page_id=1956","og_locale":"en_US","og_type":"article","og_title":"Fagf\u00e9lag - FK","og_url":"https:\/\/filmmakers.is\/?page_id=1956","og_site_name":"FK","article_publisher":"https:\/\/www.facebook.com\/fagfelagidFK\/","article_modified_time":"2023-09-09T00:01:17+00:00","twitter_card":"summary_large_image","twitter_misc":{"Est. reading time":"17 minutes"},"schema":{"@context":"https:\/\/schema.org","@graph":[{"@type":"WebPage","@id":"https:\/\/filmmakers.is\/?page_id=1956","url":"https:\/\/filmmakers.is\/?page_id=1956","name":"Fagf\u00e9lag - FK","isPartOf":{"@id":"https:\/\/filmmakers.is\/#website"},"datePublished":"2019-09-17T15:21:20+00:00","dateModified":"2023-09-09T00:01:17+00:00","breadcrumb":{"@id":"https:\/\/filmmakers.is\/?page_id=1956#breadcrumb"},"inLanguage":"en-US","potentialAction":[{"@type":"ReadAction","target":["https:\/\/filmmakers.is\/?page_id=1956"]}]},{"@type":"BreadcrumbList","@id":"https:\/\/filmmakers.is\/?page_id=1956#breadcrumb","itemListElement":[{"@type":"ListItem","position":1,"name":"Home","item":"https:\/\/filmmakers.is\/"},{"@type":"ListItem","position":2,"name":"F\u00e9lagsmenn","item":"https:\/\/filmmakers.is\/?page_id=16"},{"@type":"ListItem","position":3,"name":"Fagf\u00e9lag"}]},{"@type":"WebSite","@id":"https:\/\/filmmakers.is\/#website","url":"https:\/\/filmmakers.is\/","name":"FK","description":"F\u00e9lag kvikmyndager\u00f0amanna","publisher":{"@id":"https:\/\/filmmakers.is\/#organization"},"potentialAction":[{"@type":"SearchAction","target":{"@type":"EntryPoint","urlTemplate":"https:\/\/filmmakers.is\/?s={search_term_string}"},"query-input":{"@type":"PropertyValueSpecification","valueRequired":true,"valueName":"search_term_string"}}],"inLanguage":"en-US"},{"@type":"Organization","@id":"https:\/\/filmmakers.is\/#organization","name":"F\u00e9lag kvikmyndager\u00f0armanna","alternateName":"The Icelandic filmmakers association","url":"https:\/\/filmmakers.is\/","logo":{"@type":"ImageObject","inLanguage":"en-US","@id":"https:\/\/filmmakers.is\/#\/schema\/logo\/image\/","url":"https:\/\/filmmakers.is\/wp-content\/uploads\/2024\/12\/FK_logo_2.png","contentUrl":"https:\/\/filmmakers.is\/wp-content\/uploads\/2024\/12\/FK_logo_2.png","width":594,"height":244,"caption":"F\u00e9lag kvikmyndager\u00f0armanna"},"image":{"@id":"https:\/\/filmmakers.is\/#\/schema\/logo\/image\/"},"sameAs":["https:\/\/www.facebook.com\/fagfelagidFK\/"]}]}},"jetpack_sharing_enabled":true,"_links":{"self":[{"href":"https:\/\/filmmakers.is\/index.php?rest_route=\/wp\/v2\/pages\/1956","targetHints":{"allow":["GET"]}}],"collection":[{"href":"https:\/\/filmmakers.is\/index.php?rest_route=\/wp\/v2\/pages"}],"about":[{"href":"https:\/\/filmmakers.is\/index.php?rest_route=\/wp\/v2\/types\/page"}],"author":[{"embeddable":true,"href":"https:\/\/filmmakers.is\/index.php?rest_route=\/wp\/v2\/users\/1"}],"replies":[{"embeddable":true,"href":"https:\/\/filmmakers.is\/index.php?rest_route=%2Fwp%2Fv2%2Fcomments&post=1956"}],"version-history":[{"count":111,"href":"https:\/\/filmmakers.is\/index.php?rest_route=\/wp\/v2\/pages\/1956\/revisions"}],"predecessor-version":[{"id":4665,"href":"https:\/\/filmmakers.is\/index.php?rest_route=\/wp\/v2\/pages\/1956\/revisions\/4665"}],"up":[{"embeddable":true,"href":"https:\/\/filmmakers.is\/index.php?rest_route=\/wp\/v2\/pages\/16"}],"wp:attachment":[{"href":"https:\/\/filmmakers.is\/index.php?rest_route=%2Fwp%2Fv2%2Fmedia&parent=1956"}],"curies":[{"name":"wp","href":"https:\/\/api.w.org\/{rel}","templated":true}]}}