{"id":4540,"date":"2023-09-01T19:07:32","date_gmt":"2023-09-01T19:07:32","guid":{"rendered":"https:\/\/filmmakers.is\/?page_id=4540"},"modified":"2025-06-12T19:24:07","modified_gmt":"2025-06-12T19:24:07","slug":"felagatal","status":"publish","type":"page","link":"https:\/\/filmmakers.is\/?page_id=4540","title":{"rendered":"F\u00e9lagatal"},"content":{"rendered":"<p><div class=\"fusion-fullwidth fullwidth-box fusion-builder-row-1 nonhundred-percent-fullwidth non-hundred-percent-height-scrolling\" style=\"--awb-border-radius-top-left:0px;--awb-border-radius-top-right:0px;--awb-border-radius-bottom-right:0px;--awb-border-radius-bottom-left:0px;--awb-flex-wrap:wrap;\" ><div class=\"fusion-builder-row fusion-row\"><div class=\"fusion-layout-column fusion_builder_column fusion-builder-column-0 fusion_builder_column_1_1 1_1 fusion-one-full fusion-column-first fusion-column-last\" style=\"--awb-bg-size:cover;\"><div class=\"fusion-column-wrapper fusion-column-has-shadow fusion-flex-column-wrapper-legacy\"><div class=\"fusion-title title fusion-title-1 fusion-sep-none fusion-title-center fusion-title-text fusion-title-size-two\" style=\"--awb-text-color:#2d2f3f;--awb-margin-top:0PX;\"><h2 class=\"fusion-title-heading title-heading-center fusion-responsive-typography-calculated\" style=\"margin:0;--fontSize:50;line-height:1.05;\">F\u00c9LAGATAL F\u00c9LAGS KVIKMYNDAGER\u00d0ARMANNA<\/h2><\/div><div class=\"fusion-sep-clear\"><\/div><div class=\"fusion-separator\" style=\"margin-left: auto;margin-right: auto;margin-top:16PX;margin-bottom:36PX;width:100%;max-width:130PX;\"><div class=\"fusion-separator-border sep-single\" style=\"--awb-height:20px;--awb-amount:20px;--awb-sep-color:#d63d2d;border-color:#d63d2d;border-top-width:2px;\"><\/div><\/div><div class=\"fusion-sep-clear\"><\/div><div class=\"fusion-clearfix\"><\/div><\/div><\/div><\/div><\/div><div class=\"fusion-fullwidth fullwidth-box fusion-builder-row-2 nonhundred-percent-fullwidth non-hundred-percent-height-scrolling\" style=\"--awb-border-radius-top-left:0px;--awb-border-radius-top-right:0px;--awb-border-radius-bottom-right:0px;--awb-border-radius-bottom-left:0px;--awb-flex-wrap:wrap;\" ><div class=\"fusion-builder-row fusion-row\"><div class=\"fusion-layout-column fusion_builder_column fusion-builder-column-1 fusion_builder_column_1_6 1_6 fusion-one-sixth fusion-column-first\" style=\"--awb-bg-size:cover;width:16.666666666667%;width:calc(16.666666666667% - ( ( 4% + 4% ) * 0.16666666666667 ) );margin-right: 4%;\"><div class=\"fusion-column-wrapper fusion-column-has-shadow fusion-flex-column-wrapper-legacy\"><div class=\"fusion-clearfix\"><\/div><\/div><\/div><div class=\"fusion-layout-column fusion_builder_column fusion-builder-column-2 fusion_builder_column_2_3 2_3 fusion-two-third\" style=\"--awb-bg-size:cover;width:66.666666666667%;width:calc(66.666666666667% - ( ( 4% + 4% ) * 0.66666666666667 ) );margin-right: 4%;\"><div class=\"fusion-column-wrapper fusion-column-has-shadow fusion-flex-column-wrapper-legacy\"><div class=\"fusion-text fusion-text-1 awb-text-cols fusion-text-columns-3\" style=\"--awb-columns:3;--awb-column-spacing:2em;--awb-column-min-width:100px;\"><p><strong>A<\/strong><\/p>\n<p class=\"p1\">Ada Benjam\u00ednsd\u00f3ttir<br \/>A\u00f0alhei\u00f0ur Gunnarsd\u00f3ttir<br \/>Alfre\u00f0 G\u00edslason<br \/>Alfre\u00f0 Sturla B\u00f6\u00f0varsson<br \/>Andri Bj\u00f6rn Birgisson<br \/>Andri Freyr R\u00edkar\u00f0sson<br \/>Andri Steinn Gu\u00f0j\u00f3nsson<br \/>Angelika Carola Andrees<br \/>Anna D\u00eds \u00d3lafsd\u00f3ttir<br \/>Anna Gu\u00f0n\u00fd Gu\u00f0mundsd\u00f3ttir<br \/>Anna Haf\u00fe\u00f3rsd\u00f3ttir<br \/>Anna Hildur Hildibrandsd\u00f3ttir<br \/>Anna Kolbeinsd\u00f3ttir<br \/>Anna Lind S\u00e6varsd\u00f3ttir<br \/>Anna L\u00edsa Bj\u00f6rnsd\u00f3ttir<br \/>Anna \u00de\u00f3ra Stein\u00fe\u00f3rsd\u00f3ttir<br \/>Anton M\u00e1ni Svansson<br \/>Anton Sm\u00e1ri Gunnarsson<br \/>Ari Alexander Ergis Magn\u00fasson<br \/>Ari Allansson<br \/>Ari Bjarnason<br \/>Ari Rannveigarson<br \/>Arna Bj\u00f6rk P\u00e9tursd\u00f3ttir<br \/>Arnar J\u00f3nasson<br \/>Arnar Sigur\u00f0sson<br \/>Arnar Steinn Einarsson<br \/>Arnar Steinn Fri\u00f0bjarnarson<br \/>Arnar \u00de\u00f3risson<br \/>Atli Gr\u00edmur \u00c1smundsson<br \/>Atli Sigurj\u00f3nsson<br \/>Atli Snorrason<br \/>Au\u00f0ur \u00d6sp Gu\u00f0mundsd\u00f3ttir<br \/>Axel I. Vi\u00f0arsson<br \/>Azzeh Manar<\/p>\n<p><strong>\u00c1<\/strong><\/p>\n<p class=\"p1\">\u00c1g\u00fast Baldursson<br \/>\u00c1g\u00fasta Margr\u00e9t J\u00f3hannsd\u00f3ttir<br \/>\u00c1lfr\u00fan Helga \u00d6rn\u00f3lfsd\u00f3ttir<br \/>\u00c1rni Benediktsson<br \/>\u00c1rni Filippusson<br \/>\u00c1rni G\u00fastafsson<br \/>\u00c1sd\u00eds Thoroddsen<br \/>\u00c1sgeir Andri Gu\u00f0mundsson<br \/>\u00c1sgeir \u00de\u00f3rhallsson<br \/>\u00c1sgr\u00edmur Gu\u00f0bjartsson<br \/>\u00c1sgr\u00edmur Gu\u00f0nason<br \/>\u00c1sgr\u00edmur Sverrisson<br \/>\u00c1slaug Dr\u00f6fn Sigur\u00f0ard\u00f3ttir<br \/>\u00c1sta Haf\u00fe\u00f3rsd\u00f3ttir<br \/>\u00c1sta Hr\u00f6nn Stef\u00e1nsd\u00f3ttir<br \/>\u00c1sta J\u00fal\u00eda El\u00edasd\u00f3ttir<br \/>\u00c1sta J\u00fal\u00eda Gu\u00f0j\u00f3nsd\u00f3ttir<br \/>\u00c1sta Krist\u00edn Briem<br \/>\u00c1sthildur Kjartansd\u00f3ttir<br \/>\u00c1st\u00fe\u00f3r Margr\u00e9tarson<\/p>\n<p class=\"p1\"><strong>B<\/strong><\/p>\n<p class=\"p1\">B\u00e1r\u00f0ur \u00d3li Kristj\u00e1nsson<br \/>Benjam\u00edn Heimisson<br \/>Berglind Halla Elfud\u00f3ttir<br \/>Bergsteinn Bj\u00f6rg\u00falfsson<br \/>Bergur \u00c1rnason<br \/>Bergur Hinriksson<br \/>Birgir \u00d6rn Tryggvason<br \/>Birgir P\u00e1ll Au\u00f0unsson<br \/>Birgitta Bj\u00f6rnsd\u00f3ttir<br \/>Bjargey \u00d3lafsd\u00f3ttir<br \/>Bjarni Gautur Eydal T\u00f3masson<br \/>Bjarni Svanur Fri\u00f0steinsson<br \/>Bjarni \u00de\u00f3r Sigur\u00f0sson<br \/>Bj\u00f6rgvin Ott\u00f3sson<br \/>Bj\u00f6rn Br. Bj\u00f6rnsson<br \/>Bj\u00f6rn Emilsson<br \/>Bj\u00f6rn Helgason<br \/>B\u00f3as Arnarson<br \/>B\u00f6\u00f0var Bjarki P\u00e9tursson<br \/>Bragi Valgeirsson<br \/>Br\u00edet Brei\u00f0fj\u00f6r\u00f0 Einarsd\u00f3ttir<br \/>Brynhildur Birgisd\u00f3ttir<br \/>Brynja D\u00f6gg Fri\u00f0riksd\u00f3ttir<br \/>Brynja Vald\u00eds G\u00edslad\u00f3ttir<br \/>Bylgja Gunnur Gu\u00f0n\u00fdjard\u00f3ttir<\/p>\n<p><strong>C<\/strong><\/p>\n<p class=\"p1\">Cathy Lapka<\/p>\n<p><strong>D<\/strong><\/p>\n<p class=\"p1\">Dagur Benedikt Reynisson<br \/>Dalla J\u00f3hannsd\u00f3ttir<br \/>Dan\u00edel I. Bjarnason<br \/>Dav\u00ed\u00f0 Arnar Reynisson<br \/>Dav\u00ed\u00f0 \u00d6rn Arnarson<br \/>Dav\u00ed\u00f0 \u00d3skar \u00d3lafsson<br \/>Devon Cummings<br \/>D\u00f3ra Einars<br \/>Dr\u00edfa F. \u00c1rmannsd\u00f3ttir<\/p>\n<p><strong>E<\/strong><\/p>\n<p class=\"p1\">Edda Sverrisd\u00f3ttir<br \/>Eggert Gunnarsson<br \/>Eggert Ketilsson<br \/>Egill Vi\u00f0arsson<br \/>Eil\u00edfur \u00d6rn \u00derastarson<br \/>Einar Alexander Eymundsson<br \/>Einar Ei\u00f0sson<br \/>Einar Magn\u00fas Magn\u00fasson<br \/>Einar \u00de\u00f3r Gunnlaugsson<br \/>Eir\u00edkur Ingi B\u00f6\u00f0varsson<br \/>Eir\u00edkur Sigur\u00f0arson<br \/>Eir\u00edkur Thorsteinsson<br \/>El\u00edn Reynisd\u00f3ttir<br \/>El\u00edsabet Ronaldsd\u00f3ttir<br \/>El\u00edsabet Thoroddsen<br \/>Elsa G. Bj\u00f6rnsd\u00f3ttir<br \/>Elva Sara Ingvarsd\u00f3ttir<br \/>Elva Sara Ingvarsd\u00f3ttir<br \/>Emiliano Monaco<br \/>Erla Bj\u00f6rg Sk\u00falad\u00f3ttir<br \/>Erlendur Sveinsson<br \/>Erlendur Sveinsson<br \/>Erlingur Jack Gu\u00f0mundsson<br \/>Eva J\u00f3hannsd\u00f3ttir<br \/>Eyvindur Erlendsson<\/p>\n<p><strong>F<\/strong><\/p>\n<p class=\"p1\">Fahad Falur Jabali<br \/>Fannar Sveinsson<br \/>Finnur \u00de\u00f3r Gu\u00f0j\u00f3nsson<br \/>Fjolnir Mar Baldursson<br \/>Freyja Kristinsd\u00f3ttir<br \/>Freyja Valsd\u00f3ttir<br \/>Freyr L\u00edndal S\u00e6varsson<br \/>Fr\u00ed\u00f0a Mar\u00eda Har\u00f0ard\u00f3ttir<br \/>Fri\u00f0rik El\u00eds \u00c1smundsson<br \/>Fri\u00f0rik Gr\u00e9tarsson<br \/>Frosti J\u00f3n Run\u00f3lfsson<\/p>\n<p><strong>G<\/strong><\/p>\n<p>Gaukur Gunnarsson<br \/>Geir H\u00f3lmarsson<br \/>Geir Magn\u00fasson<br \/>G\u00edsli G\u00edslason<br \/>Go\u00f0i M\u00e1r Gu\u00f0bj\u00f6rnsson<br \/>Gr\u00e9tar J\u00f3nsson<br \/>Gr\u00edmur H\u00e1konarson<br \/>Gu\u00f0bergur Dav\u00ed\u00f0sson<br \/>Gu\u00f0bj\u00f6rg Huld\u00eds Kristinsd\u00f3ttir<br \/>Gu\u00f0j\u00f3n Haf\u00fe\u00f3r \u00d3lafsson<br \/>Gu\u00f0j\u00f3n Hrafn Gu\u00f0mundsson<br \/>Gudjon Jonsson<br \/>Gu\u00f0laugur Maggi Einarsson<br \/>Gu\u00f0mann \u00de\u00f3r Bjargmundsson<br \/>Gu\u00f0mundur Bergkvist<br \/>Gu\u00f0mundur E. S. L\u00e1ruson<br \/>Gu\u00f0mundur T\u00fdr \u00de\u00f3rarinsson<br \/>Gu\u00f0ni Halld\u00f3rsson<br \/>Gu\u00f0ni P\u00e1ll S\u00e6mundsson<br \/>Gu\u00f0r\u00fan Dan\u00edelsd\u00f3ttir<br \/>Gu\u00f0r\u00fan Erla \u00d3lafsd\u00f3ttir<br \/>Gu\u00f0r\u00fan J\u00f3n\u00edna Gunnlaugsd\u00f3ttir<br \/>Gu\u00f0r\u00fan Ragnarsd\u00f3ttir<br \/>Gu\u00f0r\u00fan \u00deorvar\u00f0ard\u00f3ttir<br \/>Gunnar \u00c1rnason<br \/>Gunnar Au\u00f0unn J\u00f3hannsson<br \/>Gunnar B. Gu\u00f0bj\u00f6rnsson<br \/>Gunnar B. Gu\u00f0mundsson<br \/>Gunnar Bjarki Gunnarsson<br \/>Gunnar Ingi Gunnarsson<br \/>Gunnar Karlsson<br \/>Gunnar \u00d3skarsson<br \/>Gunnhildur Helga Gunnarsd\u00f3ttir<br \/>Gunn\u00fe\u00f3ra Halld\u00f3rsd\u00f3ttir<br \/>Gustavo Blanco<\/p>\n<p><strong>H<\/strong><\/p>\n<p class=\"p1\">Haavard Skaslien<br \/>Hafli\u00f0i P\u00e1lsson<br \/>Haf\u00fe\u00f3r Ingi Gar\u00f0arsson<br \/>H\u00e1kon Einarsson<br \/>H\u00e1kon Jens P\u00e9tursson<br \/>H\u00e1kon M\u00e1r Oddsson<br \/>H\u00e1kon Sverrisson<br \/>Halfdan L\u00e1rus Pedersen<br \/>H\u00e1lfd\u00e1n Theod\u00f3rsson<br \/>Halla Krist\u00edn Einarsd\u00f3ttir<br \/>Hallgr\u00edmur Hansen<br \/>Hanna Bj\u00f6rk Valsd\u00f3ttir<br \/>Hannes Fri\u00f0bjarnarson<br \/>Haraldur Ari Karlsson<br \/>Haraldur Bjarnason<br \/>Haraldur Hrafn Thorlacius<br \/>Haraldur Sigurj\u00f3nsson<br \/>Harpa Einarsd\u00f3ttir<br \/>Harpa El\u00edsa \u00de\u00f3rsd\u00f3ttir<br \/>Haukur Hauksson<br \/>Haukur Karlsson<br \/>Haukur M\u00e1r Helgason<br \/>Heather Millard<br \/>Heimir Freyr Hl\u00f6\u00f0versson<br \/>Heimir Sverrisson<br \/>Helena Jonsdottir<br \/>Helena Kristinsd\u00f3ttir<br \/>Helena Stef\u00e1nsd\u00f3ttir<br \/>Helga Bj\u00f6rg Gylfad\u00f3ttir<br \/>Helga Ingunn Stef\u00e1nsd\u00f3ttir<br \/>Helga Rakel Rafnsd\u00f3ttir<br \/>Helga R\u00f3s V. Hannam<br \/>Helgi J\u00f3hannesson<br \/>Henry William Bateman<br \/>Hera \u00d3lafsd\u00f3ttir<br \/>Herbert Sveinbj\u00f6rnsson<br \/>Hermann H. Hermannsson<br \/>Hermann Karlsson<br \/>Hildur Jakob\u00edna Tryggvad\u00f3ttir<br \/>Hilmar Sigur\u00f0sson<br \/>Hinrik J\u00f3nsson<br \/>Hj\u00e1lmar Einarsson<br \/>Hjalti Freyr Kristinsson<br \/>Hl\u00edn J\u00f3hannesd\u00f3ttir<br \/>Hrafnhildur Gunnarsd\u00f3ttir<br \/>Hrafnkell Stef\u00e1nsson<br \/>Hrefna Hagal\u00edn<br \/>Hreinn J\u00f3nasson Beck<br \/>Hulda Hrund Sigmundsd\u00f3ttir<br \/>Hulda R\u00f3s Gu\u00f0nad\u00f3ttir<\/p>\n<p><strong>I<\/strong><\/p>\n<p>Inga Bj\u00f6rk S\u00f3lnes<br \/>Inga L\u00edsa Middleton<br \/>Inga Mar\u00eda Eyj\u00f3lfsd\u00f3ttir<br \/>Ingi R.Ingason<br \/>Ingibj\u00f6rg \u00c1smundsd\u00f3ttir<br \/>Ingimar Bj\u00f6rn Dav\u00ed\u00f0sson<br \/>Ing\u00f3lfur Sv. Gu\u00f0j\u00f3nsson<br \/>Ingvar \u00c1. \u00de\u00f3risson<br \/>Ingvar Sigur\u00f0ur Stef\u00e1nsson<br \/>Irma \u00de\u00f6ll \u00deorsteinsd\u00f3ttir<\/p>\n<p><strong>\u00cd<\/strong><\/p>\n<p class=\"p1\">\u00cdris Kristinsd\u00f3ttir<br \/>\u00cdsak J\u00f3nsson<br \/>\u00cdsold Uggad\u00f3ttir<\/p>\n<p><strong>J<\/strong><\/p>\n<p class=\"p1\">Jakob Fr\u00edmann Magn\u00fasson<br \/>Jakob Halld\u00f3rsson<br \/>Jakob Trausti Arnarsson<br \/>Jimmy<br \/>J\u00f3hann Sigf\u00fasson<br \/>J\u00f3hanna Lind \u00derastard\u00f3ttir<br \/>J\u00f3hannes Benedikt Gunnlaugsson<br \/>J\u00f3hannes Tryggvason<br \/>J\u00f3n Andri Gu\u00f0mundsson<br \/>J\u00f3n Bjarki Magn\u00fasson<br \/>J\u00f3n Bjarni Gu\u00f0mundsson<br \/>J\u00f3n Egill Berg\u00fe\u00f3rsson<br \/>J\u00f3n Gauti J\u00f3nsson<br \/>J\u00f3n G\u00fastafsson<br \/>J\u00f3n Hinrik Gar\u00f0arsson<br \/>J\u00f3n Ingi Benteinsson<br \/>J\u00f3n K Bj\u00f6rnsson<br \/>J\u00f3n Karl Helgason<br \/>J\u00f3n M\u00e1r Gunnarsson<br \/>J\u00f3n Stef\u00e1nsson<br \/>J\u00f3n Steinar Ragnarsson<br \/>J\u00f3n T\u00f3mas Einarsson<br \/>J\u00f3n \u00de\u00f3r Hannesson<br \/>J\u00f3n \u00de\u00f3r \u00deorleifsson<br \/>J\u00f3na Finnsd\u00f3ttir<br \/>J\u00f3nas Arndal Leifsson<br \/>J\u00f3n\u00edna Gu\u00f0bj\u00f6rg Gu\u00f0bjartsd\u00f3ttir<br \/>J\u00fal\u00eda Embla Katr\u00ednard\u00f3ttir<br \/>J\u00fal\u00edus Andri \u00de\u00f3r\u00f0arson<\/p>\n<p><strong>K<\/strong><\/p>\n<p class=\"p1\">K\u00e1ri G. Schram<br \/>K\u00e1ri Gunnlaugsson<br \/>K\u00e1ri Steinarsson<br \/>Katla Rut P\u00e9tursd\u00f3ttir<br \/>Katr\u00edn Bj\u00f6rgvinsd\u00f3ttir<br \/>Katr\u00edn Brynja Valdimarsd\u00f3ttir<br \/>Katr\u00edn Lov\u00edsa Ingvad\u00f3ttir<br \/>Katr\u00edn \u00d3lafsd\u00f3ttir<br \/>Kolbr\u00fan Jarlsd\u00f3ttir<br \/>Konr\u00e1\u00f0 Gylfason<br \/>Krist\u00edn B\u00e1ra Haraldsd\u00f3ttir<br \/>Krist\u00edn Erna Arnard\u00f3ttir<br \/>Krist\u00edn Helga Karlsd\u00f3ttir<br \/>Krist\u00edn Lea Sigr\u00ed\u00f0ard\u00f3ttir<br \/>Krist\u00edn Margr\u00e9t Kristmannsd\u00f3ttir<br \/>Krist\u00edn Mar\u00eda Ingimarsd\u00f3ttir<br \/>Krist\u00edn \u00d3sk S\u00e6varsd\u00f3ttir<br \/>Krist\u00edn \u00ddr Gunnarsd\u00f3ttir<br \/>Kristinn Eir\u00edkur Gunnarsson<br \/>Kristinn \u00d6rn Gu\u00f0mundsson<br \/>Kristinn \u00deeyr Magn\u00fasson<br \/>Kristj\u00e1n Leifur P\u00e1lsson<br \/>Kristj\u00e1n S\u00e6vald P\u00e9tursson<br \/>Kristj\u00e1n \u00de\u00f3r Kristj\u00e1nsson<br \/>Kristlaug Mar\u00eda Sigur\u00f0ard\u00f3ttir<br \/>Krist\u00f3fer Dignus P\u00e9tursson<br \/>Krist\u00f3fer Liljar<\/p>\n<p><strong>L<\/strong><\/p>\n<p class=\"p1\">L\u00e1rus Oni J\u00f3hannsson<br \/>Laufey Helga Gustafsdottir<br \/>Lilja Scheel Birgisd\u00f3ttir<br \/>Linda Mj\u00f6ll Stef\u00e1nsd\u00f3ttir<br \/>Logi Hilmarsson<\/p>\n<p><strong>M<\/strong><\/p>\n<p class=\"p1\">Margr\u00e9t Arna Hl\u00f6\u00f0versd\u00f3ttir<br \/>Margr\u00e9t J\u00f3nasd\u00f3ttir<br \/>Mar\u00eda R\u00fan J\u00f3hannsd\u00f3ttir<br \/>Mar\u00eda Sigur\u00f0ard\u00f3ttir<br \/>Mar\u00edanna Fri\u00f0j\u00f3nsd\u00f3ttir<br \/>Marteinn Ibsen<br \/>Matth\u00edas H\u00e1lfd\u00e1narson<\/p>\n<p><strong>N<\/strong><\/p>\n<p>Natalie Tess A\u00f0alsteinsd\u00f3ttir<\/p>\n<p><strong>O<\/strong><\/p>\n<p class=\"p1\">Oddn\u00fd Sen<br \/>Oddur El\u00edasson<\/p>\n<p><strong>\u00d3<\/strong><\/p>\n<p class=\"p1\">\u00d3lafur Da\u00f0i Einarsson<br \/>\u00d3lafur J\u00f3hannesson<br \/>\u00d3lafur J\u00f3nasson<br \/>\u00d3mar Jabal<br \/>\u00d3sk Gunnlaugsd\u00f3ttir<br \/>\u00d3skar Bragi Stef\u00e1nsson<br \/>\u00d3skar \u00d6rn Arnarson<br \/>\u00d3skar \u00de\u00f3r Axelsson<\/p>\n<p><strong>P<\/strong><\/p>\n<p class=\"p1\">P\u00e1ll Baldvin Baldvinsson<br \/>P\u00e1lmey Helgad\u00f3ttir<br \/>P\u00e9tur Arn\u00f3rsson<br \/>P\u00e9tur \u00d3li G\u00edslason<\/p>\n<p><strong>R<\/strong><\/p>\n<p>Ragna Fossberg<br \/>Ragna Fr\u00f3\u00f0ad\u00f3ttir<br \/>Ragnar Ey\u00fe\u00f3rsson<br \/>Ragnar P\u00e9tur P\u00e9tursson<br \/>Ragnar Santos<br \/>Ragnar Snorrason<br \/>Ragnar Trausti Ragnarsson<br \/>Ragnhildur \u00c1svaldsd\u00f3ttir<br \/>R\u00e1n Christer<br \/>Rannveig J\u00f3nsd\u00f3ttir<br \/>Rebekka A. Ingimundard\u00f3ttir<br \/>R\u00edkey Konr\u00e1\u00f0sd\u00f3ttir<br \/>R\u00f3bert Magn\u00fasson<br \/>R\u00f3bert orri p\u00e9tursson<br \/>R\u00f3sa Bj\u00f6rg \u00c1sgeirsd\u00f3ttir<br \/>R\u00fanar Ingi Einarsson<br \/>Run\u00f3lfur Gylfason<br \/>Rut Hermannsd\u00f3ttir<br \/>Rut M\u00e1sd\u00f3ttir<\/p>\n<p><strong>S<\/strong><\/p>\n<p>Sara Nassim<br \/>Siggi Bahama Magn\u00fasson<br \/>Sigr\u00ed\u00f0ur R\u00f3sa Bjarnad\u00f3ttir<br \/>Sigr\u00fan Erla Sigur\u00f0ard\u00f3ttir<br \/>Sigr\u00fan Krist\u00edn Gunnarsd\u00f3ttir<br \/>Sigr\u00fan S\u00f3l \u00d3lafsd\u00f3ttir<br \/>Sigurbj\u00f6rg Einarsd\u00f3ttir<br \/>Sigurbj\u00f6rn B\u00fai Baldvinsson<br \/>Sigur\u00f0ur Bj\u00f6rn Bl\u00f6ndal<br \/>Sigur\u00f0ur Gr\u00edmsson<br \/>Sigur\u00f0ur Hr. Sigur\u00f0sson<br \/>Sigur\u00f0ur Ingi \u00c1sgeirsson<br \/>Sigur\u00f0ur Kristinn Sigur\u00f0sson<br \/>Sigur\u00f0ur Sn\u00e6berg J\u00f3nsson<br \/>Sigur\u00f0ur Valur Sigur\u00f0sson<br \/>Sigurgeir Orri Sigurgeirsson<br \/>Sigurvin E\u00f0var\u00f0sson<br \/>Sig\u00fe\u00f3r Veigar Magn\u00fasson<br \/>Sindri P\u00e1ll Kjartansson<br \/>S\u00f3lr\u00fan Gu\u00f0j\u00f3nsd\u00f3ttir<br \/>Sonja Bent<br \/>Sonja D\u00f6gg Halld\u00f3rsd\u00f3ttir<br \/>Stef\u00e1n A\u00f0alsteinn Drengsson<br \/>Stef\u00e1n \u00c1rni \u00deorgeirsson<br \/>Stefan\u00eda Thors<br \/>Steingr\u00edmur D\u00fai Landmark<br \/>Steingr\u00edmur D\u00fai M\u00e1sson<br \/>Steingr\u00edmur Karlsson<br \/>Steinunn \u00de\u00f3r\u00f0ard\u00f3ttir<br \/>Stein\u00fe\u00f3r Birgisson<br \/>Sturla Brynj\u00f3lfsson<br \/>Styrmir Sigur\u00f0sson<br \/>Sunna Gu\u00f0r\u00fan P\u00e9tursd\u00f3ttir<br \/>Svala Bjarna<br \/>Sveinn M. Sveinsson<br \/>S\u00e6mundur Nor\u00f0fj\u00f6r\u00f0<br \/>S\u00e6var Gu\u00f0mundsson<\/p>\n<p><strong>T<\/strong><\/p>\n<p class=\"p1\">Terry S. K. Devos<br \/>Tinna Ottesen<br \/>T\u00f3mas Ingi \u00de\u00f3r\u00f0arson<br \/>T\u00f3mas \u00d6rn T\u00f3masson<br \/>Tryggvi Freyr Torfaso<br \/>Tuna D\u00eds Metya<\/p>\n<p><strong>U<\/strong><\/p>\n<p class=\"p1\">Una Lorenzen<\/p>\n<p><strong>\u00da<\/strong><\/p>\n<p>\u00dalfur Helgi Hr\u00f3bjartsson<\/p>\n<p><strong>V<\/strong><\/p>\n<p class=\"p1\">Valdimar \u00c1rmann<br \/>Valdimar J\u00f3hannsson<br \/>Valdimar Leifsson<br \/>Valgeir Gunnlaugsson<br \/>Vera Roth<br \/>Vi\u00f0ar Freyr Gu\u00f0mundsson<br \/>Vi\u00f0ar Gar\u00f0arsson<br \/>V\u00ed\u00f0ir Sigur\u00f0sson<br \/>Viktor Dav\u00ed\u00f0 J\u00f3hannsson<br \/>Viktor Sm\u00e1ri \u00c1g\u00fastuson<br \/>Vilius Petrikas<\/p>\n<p><strong>Y<\/strong><\/p>\n<p class=\"p1\">Yrsa Roca Fannberg<\/p>\n<p><strong>\u00de<\/strong><\/p>\n<p>\u00dei\u00f0rik C. Emilsson<br \/>\u00de\u00f3r El\u00eds P\u00e1lsson<br \/>\u00de\u00f3r Freysson<br \/>\u00de\u00f3ranna D\u00f6gg Bj\u00f6rnsd\u00f3ttir<br \/>\u00de\u00f3rarinn \u00c1g\u00fastsson<br \/>\u00de\u00f3rarinn Gu\u00f0nason<br \/>\u00deorbj\u00f6rn \u00c1g\u00fast Erlingsson<br \/>\u00de\u00f3r\u00f0ur Bragi J\u00f3nsson<br \/>\u00de\u00f3rey Mjallhv\u00edt H. \u00d3marsd\u00f3ttir<br \/>\u00deorgeir Gu\u00f0mundsson<br \/>\u00de\u00f3rgn\u00fdr Thoroddsen<br \/>\u00de\u00f3rir Marrow Theod\u00f3rsson<br \/>\u00deorkell S. Har\u00f0arson<br \/>\u00deorsteinn J. Vilhj\u00e1lmsson<br \/>\u00deorsteinn J\u00f3nsson<br \/>\u00de\u00f3runn Gu\u00f0laugsd\u00f3ttir<br \/>\u00de\u00f3runn Kar\u00f3l\u00edna P\u00e9tursd\u00f3ttir<br \/>\u00deorvar\u00f0ur Bj\u00f6rgj\u00falfsson<br \/>\u00deur\u00ed\u00f0ur Einarsd\u00f3ttir<\/p>\n<p><strong>\u00c6<\/strong><\/p>\n<p class=\"p1\">\u00c6gir J. Gu\u00f0mundsson<br \/>\u00c6var Ingvi J\u00f3hannsson<\/p>\n<p><strong>\u00d6<\/strong><\/p>\n<p>\u00d6rn Marino Arnarson<\/p>\n<p style=\"text-align: right;\"><strong><em>2024  &#8211;  2025<\/em><\/strong><\/p>\n<\/div><div class=\"fusion-clearfix\"><\/div><\/div><\/div><div class=\"fusion-layout-column fusion_builder_column fusion-builder-column-3 fusion_builder_column_1_6 1_6 fusion-one-sixth fusion-column-last\" style=\"--awb-bg-size:cover;width:16.666666666667%;width:calc(16.666666666667% - ( ( 4% + 4% ) * 0.16666666666667 ) );\"><div class=\"fusion-column-wrapper fusion-column-has-shadow fusion-flex-column-wrapper-legacy\"><div class=\"fusion-clearfix\"><\/div><\/div><\/div><\/div><\/div><\/p>\n","protected":false},"excerpt":{"rendered":"","protected":false},"author":5,"featured_media":0,"parent":16,"menu_order":0,"comment_status":"closed","ping_status":"closed","template":"100-width.php","meta":{"footnotes":""},"class_list":["post-4540","page","type-page","status-publish","hentry"],"yoast_head":"<!-- This site is optimized with the Yoast SEO plugin v27.5 - https:\/\/yoast.com\/product\/yoast-seo-wordpress\/ -->\n<title>F\u00e9lagatal - FK<\/title>\n<meta name=\"robots\" content=\"index, follow, max-snippet:-1, max-image-preview:large, max-video-preview:-1\" \/>\n<link rel=\"canonical\" href=\"https:\/\/filmmakers.is\/?page_id=4540\" \/>\n<meta property=\"og:locale\" content=\"en_US\" \/>\n<meta property=\"og:type\" content=\"article\" \/>\n<meta property=\"og:title\" content=\"F\u00e9lagatal - FK\" \/>\n<meta property=\"og:url\" content=\"https:\/\/filmmakers.is\/?page_id=4540\" \/>\n<meta property=\"og:site_name\" content=\"FK\" \/>\n<meta property=\"article:publisher\" content=\"https:\/\/www.facebook.com\/fagfelagidFK\/\" \/>\n<meta property=\"article:modified_time\" content=\"2025-06-12T19:24:07+00:00\" \/>\n<meta name=\"twitter:card\" content=\"summary_large_image\" \/>\n<meta name=\"twitter:label1\" content=\"Est. reading time\" \/>\n\t<meta name=\"twitter:data1\" content=\"6 minutes\" \/>\n<script type=\"application\/ld+json\" class=\"yoast-schema-graph\">{\"@context\":\"https:\\\/\\\/schema.org\",\"@graph\":[{\"@type\":\"WebPage\",\"@id\":\"https:\\\/\\\/filmmakers.is\\\/?page_id=4540\",\"url\":\"https:\\\/\\\/filmmakers.is\\\/?page_id=4540\",\"name\":\"F\u00e9lagatal - FK\",\"isPartOf\":{\"@id\":\"https:\\\/\\\/filmmakers.is\\\/#website\"},\"datePublished\":\"2023-09-01T19:07:32+00:00\",\"dateModified\":\"2025-06-12T19:24:07+00:00\",\"breadcrumb\":{\"@id\":\"https:\\\/\\\/filmmakers.is\\\/?page_id=4540#breadcrumb\"},\"inLanguage\":\"en-US\",\"potentialAction\":[{\"@type\":\"ReadAction\",\"target\":[\"https:\\\/\\\/filmmakers.is\\\/?page_id=4540\"]}]},{\"@type\":\"BreadcrumbList\",\"@id\":\"https:\\\/\\\/filmmakers.is\\\/?page_id=4540#breadcrumb\",\"itemListElement\":[{\"@type\":\"ListItem\",\"position\":1,\"name\":\"Home\",\"item\":\"https:\\\/\\\/filmmakers.is\\\/\"},{\"@type\":\"ListItem\",\"position\":2,\"name\":\"F\u00e9lagsmenn\",\"item\":\"https:\\\/\\\/filmmakers.is\\\/?page_id=16\"},{\"@type\":\"ListItem\",\"position\":3,\"name\":\"F\u00e9lagatal\"}]},{\"@type\":\"WebSite\",\"@id\":\"https:\\\/\\\/filmmakers.is\\\/#website\",\"url\":\"https:\\\/\\\/filmmakers.is\\\/\",\"name\":\"FK\",\"description\":\"F\u00e9lag kvikmyndager\u00f0amanna\",\"publisher\":{\"@id\":\"https:\\\/\\\/filmmakers.is\\\/#organization\"},\"potentialAction\":[{\"@type\":\"SearchAction\",\"target\":{\"@type\":\"EntryPoint\",\"urlTemplate\":\"https:\\\/\\\/filmmakers.is\\\/?s={search_term_string}\"},\"query-input\":{\"@type\":\"PropertyValueSpecification\",\"valueRequired\":true,\"valueName\":\"search_term_string\"}}],\"inLanguage\":\"en-US\"},{\"@type\":\"Organization\",\"@id\":\"https:\\\/\\\/filmmakers.is\\\/#organization\",\"name\":\"F\u00e9lag kvikmyndager\u00f0armanna\",\"alternateName\":\"The Icelandic filmmakers association\",\"url\":\"https:\\\/\\\/filmmakers.is\\\/\",\"logo\":{\"@type\":\"ImageObject\",\"inLanguage\":\"en-US\",\"@id\":\"https:\\\/\\\/filmmakers.is\\\/#\\\/schema\\\/logo\\\/image\\\/\",\"url\":\"https:\\\/\\\/filmmakers.is\\\/wp-content\\\/uploads\\\/2024\\\/12\\\/FK_logo_2.png\",\"contentUrl\":\"https:\\\/\\\/filmmakers.is\\\/wp-content\\\/uploads\\\/2024\\\/12\\\/FK_logo_2.png\",\"width\":594,\"height\":244,\"caption\":\"F\u00e9lag kvikmyndager\u00f0armanna\"},\"image\":{\"@id\":\"https:\\\/\\\/filmmakers.is\\\/#\\\/schema\\\/logo\\\/image\\\/\"},\"sameAs\":[\"https:\\\/\\\/www.facebook.com\\\/fagfelagidFK\\\/\"]}]}<\/script>\n<!-- \/ Yoast SEO plugin. -->","yoast_head_json":{"title":"F\u00e9lagatal - FK","robots":{"index":"index","follow":"follow","max-snippet":"max-snippet:-1","max-image-preview":"max-image-preview:large","max-video-preview":"max-video-preview:-1"},"canonical":"https:\/\/filmmakers.is\/?page_id=4540","og_locale":"en_US","og_type":"article","og_title":"F\u00e9lagatal - FK","og_url":"https:\/\/filmmakers.is\/?page_id=4540","og_site_name":"FK","article_publisher":"https:\/\/www.facebook.com\/fagfelagidFK\/","article_modified_time":"2025-06-12T19:24:07+00:00","twitter_card":"summary_large_image","twitter_misc":{"Est. reading time":"6 minutes"},"schema":{"@context":"https:\/\/schema.org","@graph":[{"@type":"WebPage","@id":"https:\/\/filmmakers.is\/?page_id=4540","url":"https:\/\/filmmakers.is\/?page_id=4540","name":"F\u00e9lagatal - FK","isPartOf":{"@id":"https:\/\/filmmakers.is\/#website"},"datePublished":"2023-09-01T19:07:32+00:00","dateModified":"2025-06-12T19:24:07+00:00","breadcrumb":{"@id":"https:\/\/filmmakers.is\/?page_id=4540#breadcrumb"},"inLanguage":"en-US","potentialAction":[{"@type":"ReadAction","target":["https:\/\/filmmakers.is\/?page_id=4540"]}]},{"@type":"BreadcrumbList","@id":"https:\/\/filmmakers.is\/?page_id=4540#breadcrumb","itemListElement":[{"@type":"ListItem","position":1,"name":"Home","item":"https:\/\/filmmakers.is\/"},{"@type":"ListItem","position":2,"name":"F\u00e9lagsmenn","item":"https:\/\/filmmakers.is\/?page_id=16"},{"@type":"ListItem","position":3,"name":"F\u00e9lagatal"}]},{"@type":"WebSite","@id":"https:\/\/filmmakers.is\/#website","url":"https:\/\/filmmakers.is\/","name":"FK","description":"F\u00e9lag kvikmyndager\u00f0amanna","publisher":{"@id":"https:\/\/filmmakers.is\/#organization"},"potentialAction":[{"@type":"SearchAction","target":{"@type":"EntryPoint","urlTemplate":"https:\/\/filmmakers.is\/?s={search_term_string}"},"query-input":{"@type":"PropertyValueSpecification","valueRequired":true,"valueName":"search_term_string"}}],"inLanguage":"en-US"},{"@type":"Organization","@id":"https:\/\/filmmakers.is\/#organization","name":"F\u00e9lag kvikmyndager\u00f0armanna","alternateName":"The Icelandic filmmakers association","url":"https:\/\/filmmakers.is\/","logo":{"@type":"ImageObject","inLanguage":"en-US","@id":"https:\/\/filmmakers.is\/#\/schema\/logo\/image\/","url":"https:\/\/filmmakers.is\/wp-content\/uploads\/2024\/12\/FK_logo_2.png","contentUrl":"https:\/\/filmmakers.is\/wp-content\/uploads\/2024\/12\/FK_logo_2.png","width":594,"height":244,"caption":"F\u00e9lag kvikmyndager\u00f0armanna"},"image":{"@id":"https:\/\/filmmakers.is\/#\/schema\/logo\/image\/"},"sameAs":["https:\/\/www.facebook.com\/fagfelagidFK\/"]}]}},"jetpack_sharing_enabled":true,"_links":{"self":[{"href":"https:\/\/filmmakers.is\/index.php?rest_route=\/wp\/v2\/pages\/4540","targetHints":{"allow":["GET"]}}],"collection":[{"href":"https:\/\/filmmakers.is\/index.php?rest_route=\/wp\/v2\/pages"}],"about":[{"href":"https:\/\/filmmakers.is\/index.php?rest_route=\/wp\/v2\/types\/page"}],"author":[{"embeddable":true,"href":"https:\/\/filmmakers.is\/index.php?rest_route=\/wp\/v2\/users\/5"}],"replies":[{"embeddable":true,"href":"https:\/\/filmmakers.is\/index.php?rest_route=%2Fwp%2Fv2%2Fcomments&post=4540"}],"version-history":[{"count":16,"href":"https:\/\/filmmakers.is\/index.php?rest_route=\/wp\/v2\/pages\/4540\/revisions"}],"predecessor-version":[{"id":4915,"href":"https:\/\/filmmakers.is\/index.php?rest_route=\/wp\/v2\/pages\/4540\/revisions\/4915"}],"up":[{"embeddable":true,"href":"https:\/\/filmmakers.is\/index.php?rest_route=\/wp\/v2\/pages\/16"}],"wp:attachment":[{"href":"https:\/\/filmmakers.is\/index.php?rest_route=%2Fwp%2Fv2%2Fmedia&parent=4540"}],"curies":[{"name":"wp","href":"https:\/\/api.w.org\/{rel}","templated":true}]}}